7316 - 4716 = -17*t + 31036. What is the hundreds digit of t?
0
Suppose -187615 = -3*n - 5*z, 0 = -899*n + 896*n - 2*z + 187627. What is the tens digit of n?
4
Suppose -17*d + 201 = -156. Let m be (7/d)/(4/(-6))*-8. Suppose m = -2*r - 6, 2*r + 19 = a. What is the units digit of a?
9
Let w = -6786 + 15894. What is the units digit of w?
8
Let j(u) = -u**3 - 6*u**2 - 9*u - 3. Suppose 5*s = -25, -19 = -4*t - s - 0*s. Suppose 2*x + 2*z = -t, -9 = x - 2*z + z. What is the tens digit of j(x)?
5
Let n = -81 - -85. Suppose -2*s = n*b - 4, -s = 5*b + 3*s + 1. Suppose 2*r - 17 = -2*z + 11, -b*z + 62 = -r. What is the units digit of z?
9
Let k = 252 + -250. Suppose 0 = -g + k*r + 1130, 13*g - 4*r = 10*g + 3392. What is the tens digit of g?
3
Let a(c) = -c**3 - 20*c**2 - 3*c - 56. Let r be a(-20). Suppose 2*k - 764 = -2*k + 3*j, r*k - 5*j = 772. What is the hundreds digit of k?
1
Let r = -823 + 833. What is the hundreds digit of r/(-175)*-5 + (-67944)/(-42)?
6
Suppose 120*n - 28728486 - 19556457 = -561*n. What is the tens digit of n?
0
Let z(b) = -44656*b - 408. What is the ten thousands digit of z(-2)?
8
Suppose -4*a - 2336 = 4*b, -b - a = 4*b + 2932. Let p = b + 695. What is the units digit of p?
8
Suppose -2*i + y + 10 = 5*y, 4*y + 5 = i. Suppose 2*k + 28 = -i*k. What is the tens digit of (-2 + (-140)/k)*3?
9
Suppose 135*h + 1499 = 136*h - 4*z, -4*z - 4521 = -3*h. What is the units digit of h?
1
Suppose -2*r + r + 39 = 2*s, 0 = -4*s - 3*r + 73. Suppose s*k = 25*k - 651. What is the tens digit of k?
1
Suppose 3*y = -3, 0 = -5*i + 4*i + y + 55. Let x be (0 - (2 - 0))*-131. Suppose 0 = -4*n - 3*r + x, -n - 3*r + i = -8*r. What is the tens digit of n?
6
Suppose -255432 = -21*k + 13956. What is the tens digit of k?
2
Let i be (-10 + 5)*1 - -7. Suppose 9*m - 1331 = -i*m. What is the units digit of m?
1
Let q be 1 + -2 + -1 + 457. Suppose -2*m + 4*g = -30, 6*m - 3*g = 8*m - 2. Suppose 2*r = m*r - q. What is the tens digit of r?
9
Let i(q) = -q**3 + 54*q**2 + 610*q - 98. What is the units digit of i(61)?
5
Suppose 0 = -24*v + 30*v - 1566. Let i = v + -115. What is the units digit of i?
6
Let g(b) = 350*b**2 + b - 1. Let u = -45 + 46. Let v be g(u). Suppose 3*f = -q + 256, 5*f - f - 3*q - v = 0. What is the units digit of f?
6
Suppose -7 = -15*g + 353. Suppose g*j - 2905 = 19*j. What is the units digit of j?
1
Let l = -12156 - -12912. What is the hundreds digit of l?
7
Suppose 3*k - 9074 = 2*i, -5*i + 3019 = 5*k - 4*k. Suppose -13*l + 25*l - k = 0. What is the units digit of l?
2
Let g(i) = 86 + 15*i + 0*i**2 - 3*i**2 - 90. Let l be g(6). What is the units digit of (-517)/l + 6/(-4)?
2
Suppose 22*y - 33 = 19*y. What is the tens digit of (-60)/330 - 178/y*-1?
1
Let u(c) = -5*c**2 - c + 62. Let l be u(-7). What is the tens digit of -5*(l + -1*36/30)?
8
Let m(i) be the first derivative of -i**4/4 + 11*i**3/3 + 11*i**2/2 - 8*i - 68. Let p be 7/6*(-5 - -2)*-2. What is the units digit of m(p)?
5
What is the ten thousands digit of (-488342)/(-21) - 34/(-119) - 5/3?
2
Let p = 2176 - 1503. Let z = 943 - p. Suppose -c = c - z. What is the units digit of c?
5
Let q(z) = -9*z**2 - 4*z - 4. Let f(h) = h**2 + h. Let t(s) = 2*f(s) + q(s). Let w be t(-3). Let m = 116 + w. What is the tens digit of m?
5
Suppose 3*c + 5*d = 6*c + 36, 0 = -4*d. Let w(x) = 4*x**2 - 8*x + 3. What is the hundreds digit of w(c)?
6
Let h(y) be the third derivative of 22*y**2 + 0 - 3/8*y**4 + 0*y - 1/60*y**5 + 11/3*y**3. What is the tens digit of h(-9)?
2
Suppose 2122*b - 2135*b = -72800. What is the thousands digit of b?
5
Let n = 1293 - 132. Let x = n + -533. What is the hundreds digit of x?
6
Let y(j) = -j + 8. Let t be y(6). Suppose -790 = -5*x + 3*g + t*g, 3*x - 475 = 2*g. What is the tens digit of x?
5
Let y = 32 + -21. Let d(i) = i**3 - 10*i**2 - 11*i + 1. Let t be d(y). What is the tens digit of (3 - 4) + t/((-2)/(-98))?
4
Let j = 1170 - 287. Let v = 1847 - j. What is the tens digit of v?
6
Suppose r + 1633 = 2*d, 8*d + 5*r = 12*d - 3281. Suppose 2*v + 58 = d. What is the units digit of v?
8
Suppose 0 = 743*l - 646*l - 3503058. What is the units digit of l?
4
Let c = 117 + -27. Let n = c - 77. What is the units digit of n?
3
Let x = 314 - 304. Suppose s = 4*p + 420, -5*s + x*s - 2082 = 2*p. What is the units digit of s?
6
Let u = 13656 - 3892. What is the units digit of u?
4
What is the hundreds digit of 17/(49294/12320 + -4)?
9
Suppose 132 - 47 = q. Suppose 0 = -q*i + 84*i + 296. What is the units digit of i?
6
Suppose 0 = -22*q + 101 - 783. What is the tens digit of q*(12/18)/(3/(-9))?
6
Let g(x) = 2*x - 7*x + 4*x - 43*x**3 - 1. Let w = -98 + 97. What is the units digit of g(w)?
3
Let c be 18/(-99) - (-36688)/(-44). Let n = c + 2544. What is the hundreds digit of n?
7
Suppose 0 = 49*w - 30*w - 7182. Let p = w + 466. What is the tens digit of p?
4
Let m(q) = q**2 + 58*q - 98. Let h be m(0). Suppose -4*v - 3*s + 148 = 0, 3*s - s = 8. What is the units digit of ((-168)/(-7))/(3 + h/v)?
4
Let h(z) = -354*z - 1526. What is the tens digit of h(-23)?
1
Suppose -6*z = 18*z + 3*z - 29295. What is the hundreds digit of z?
0
Let r(c) = -9*c - 9. Let i be r(3). Let s = 40 + i. Suppose 0 = -q - 3*v + 196, -s*v - 99 = -q + 62. What is the units digit of q?
1
Suppose -2*a = 4 - 8. Suppose -5*c + 16 = 3*n, a*c = 3*n - 0*n - 23. What is the tens digit of (-413)/(-4) + (-3 + n)/(-16)?
0
Let j(i) be the second derivative of 17*i + 0 - 3/2*i**2 + 5/6*i**3. What is the units digit of j(5)?
2
Let g(p) = -4*p**2 + 2*p + 53*p**3 + 14*p**2 + 1 - 55*p**3 + 2*p. What is the hundreds digit of g(-4)?
2
Let y(w) = 11*w - 2. Let f be y(2). Suppose 0*j + 2*j + 4*u = 14, 2*j - 4*u = 6. Suppose o + 2*o = -j*b + 210, -4*o = f. What is the units digit of b?
5
Let m be 13*((-2)/6 - (-682)/93). Suppose 5*s = -3*q + 1220, -3*s - q + 637 = -m. What is the tens digit of s?
4
Suppose 5*i = -4*i + 18. Suppose -5*r - 2*a = 2*a + 141614, 3*r = -i*a - 84968. What is the units digit of r/(-221) + 4/(-26)?
8
Suppose -8432 = -27*y - 4*y. Let t = 231 - 109. Let l = y - t. What is the hundreds digit of l?
1
Let o(f) be the first derivative of -f**4/4 + 3*f**2/2 + f - 9. Let v be o(-2). Suppose 241 = v*u - 11. What is the units digit of u?
4
What is the tens digit of (-11 - (10 + -29)) + 7693?
0
Let b(l) = 8*l**2 - 5*l - 37. Let s be b(-5). What is the thousands digit of 4736/(-512)*3/((-3)/s)?
1
Let z be 21 + -22 - (-11880)/(-2). What is the units digit of z/(-26) + 6/4?
0
Let w = 1062 + -624. Suppose 0 = -49*y + 43*y + w. What is the tens digit of y?
7
Suppose 58640 = -70*i + 151*i - 76*i. What is the units digit of i?
8
Let o(h) = 60*h + 521. What is the thousands digit of o(34)?
2
Let k be (-6 + 2/1 + -33)*-13. What is the tens digit of 1 + (2 - 3) + k?
8
Suppose 3*t - 177*x + 186*x = 55077, -x + 91697 = 5*t. What is the thousands digit of t?
8
Suppose 3*i + 919 = 5*p, -5*p + i + 923 = -0*i. Let o = p + -111. What is the units digit of o?
4
Let m(c) = 13*c**2 - 22*c + 13. Let l be -3 + 1 + -4 - (-238)/14. What is the thousands digit of m(l)?
1
Let k = -33 - -37. Suppose k*u - 9*m - 608 = -10*m, -439 = -3*u - 5*m. Suppose 0 = 10*p - 2073 + u. What is the tens digit of p?
9
Suppose -14*r - 1244 = -16*r. Let q = r + -324. What is the units digit of q?
8
Let c(q) = 8761*q**2 + 9*q + 8. What is the hundreds digit of c(-1)?
7
What is the tens digit of (14/(-3))/2*(-94 + 1)?
1
Let u = 1711 + 1718. Suppose 4*q = -4*h - 941 + u, -3104 = -5*h + q. Suppose h = 3*s - 5*r, -5*r + 379 + 449 = 4*s. What is the tens digit of s?
0
Let i be -10 - (2 - ((4 - 1) + -1)). What is the units digit of 30/75 + (-246)/i?
5
What is the ten thousands digit of -77*(-75)/105*335?
1
Suppose 13*b - 12577 = 15295. What is the hundreds digit of b?
1
Suppose 34 = -5*m - 281. What is the hundreds digit of (-74571)/(-49) + (-9)/m?
5
Let j be (4 - 5) + (-315 - (-7 + 3)). What is the hundreds digit of 2 + (-4)/5*(j + 12)?
2
Let x(g) = -3*g**2 + 685*g + 294. What is the hundreds digit of x(130)?
6
Suppose 5*n - p - 60549 = 0, 13*p - 11*p = -4*n + 48442. What is the ten thousands digit of n?
1
Let m(f) = -2*f. Let g(i) = 92*i - 14. Let p(w) = -g(w) - 4*m(w). What is the units digit of p(-6)?
8
Suppose 707*c + 316559 = 726*c. What is the hundreds digit of c?
6
Let n be (1 + 0)/